pose -1 = -t + 4. Let c(s) = 13*s + 8. Let n(m) = -9*m - 7. Let r(h) = -5*c(h) - 7*n(h). Give r(t).
-1
Let y be -10 + -1 - -2 - -17. Let l(h) = -h + h**3 - 2*h + 6 - 9*h**2 + 4*h + 6*h. Give l(y).
-2
Let g(p) = -9*p**2 + 3*p + 5. Let w be g(-1). Let i(d) be the third derivative of d**6/120 + 7*d**5/60 + d**4/12 - 3*d**3/2 + 14*d**2. What is i(w)?
-23
Suppose -26*w + 99 - 78 = -135. Let i(x) = -x**2 + 8*x - 6. Determine i(w).
6
Let s(v) = -v**3 - 7*v**2 + 14*v - 7. Let q(w) = -4*w**2 + 53*w - 21. Let c be q(13). What is s(c)?
-55
Let j = 3185 - 3177. Let u(d) = 5*d + 2. Let k(f) = -f + 1. Let q(p) = 4*k(p) + u(p). What is q(j)?
14
Suppose -23*l - 2 = 3*z - 21*l, 3*l = 5*z - 3. Let o(v) be the third derivative of 0*v + 1/4*v**4 + 1/6*v**3 + z - 8*v**2. Determine o(2).
13
Let i(g) = g**2 - 3 + 1 + 3. Suppose 5*x + 15 = -9*k, 6*x - 4*k = 9*x + 9. What is i(x)?
10
Let l be ((-1)/(20/8))/(2/20). Let g(s) be the third derivative of -s**4/12 - 3*s**3/2 + 1470*s**2. Determine g(l).
-1
Let d(h) = h**2 + 3*h + 1. Let b = -151 - -171. Suppose -9*s + 2 = b. Calculate d(s).
-1
Suppose 20 + 232 = -62*x + 4. Let h(u) = 11*u + 49. Determine h(x).
5
Let h = -17 + 17. Let j(k) = -2*k**2 + h*k**2 - 1 - 1 + 3 - 11*k**3. Let c = 177 + -178. Calculate j(c).
10
Let p(r) = r**2 + 8*r + 10. Let h be p(-7). Suppose 4*m = -k + 10, -6 = h*k + 5*m - 29. Let x(y) = y**3 - 7*y**2 + 4*y - 2. Calculate x(k).
-14
Let x = -560 + 566. Let z(t) = -2*t - 22*t**2 - 34*t**2 + 58*t**2 + 1 + 0 + x*t**3. What is z(1)?
7
Let i be -2 + -8 - -4 - (3 + -1). Let o(t) = -9*t + 9. Let d be o(i). Let g = -77 + d. Let z(c) = -2*c**2 + 6*c - 3. Determine z(g).
-11
Let g(n) = 9*n - 6*n + 0 + 12 - 1 + 2*n. Calculate g(-1).
6
Let n be (5*4)/(3/(-78)*-13). Let r(v) = -v**2 + 43*v - 124. Let l be r(n). Let y(j) = j**2 + 2*j - 6. Calculate y(l).
2
Let f(r) = r**3 - 7*r**2 - 10*r + 10. Let v(l) = l**3 - 21*l**2 - 19*l - 58. Let o be (1 - (5 - 3)*-5)*2. Let y be v(o). What is f(y)?
-6
Let l be (0 + -2)/1*-2. Let p(o) = 0 - l - 11*o + 3. Suppose -211*b - 266*b = 36*b - 513. Determine p(b).
-12
Let h = 20 + -22. Let k be (-10)/(-25) + (-13)/(-5). Let w(b) = -b**2 + 0 + 5 - k - b**2 - b. Give w(h).
-4
Let v(p) = -p**2 + 14*p - 25. Suppose -23*f + 20*f = -2*h + 28, 3*f = 4*h - 56. Calculate v(h).
-25
Let w(z) = z + 4 + 2*z + 2*z. Let l(x) be the first derivative of 2*x**3 - 60*x**2 - 6*x - 107. Let j be l(20). Calculate w(j).
-26
Let p(q) = 8*q + 6. Let o be (((-80)/14)/(-2))/(2/7). Suppose -g + 4*g = 15, 4*u = 2*g + o. Calculate p(u).
46
Suppose 2*n + 3*q + 0*q + 216 = 0, 4*q = 2*n + 202. Let v be (-1 - -4)/(n/70). Let c(r) = -5*r. Determine c(v).
10
Let g(w) be the first derivative of 3*w**4/2 + w**3/3 - 3*w**2/2 - 2*w - 3154. What is g(-1)?
-4
Let g(b) = 9*b**3 + 4*b**2 + 2*b - 1. Let r(u) = -139*u - 1253. Let d be r(-9). What is g(d)?
-61
Let d(l) be the first derivative of l**2 + 16*l - 36. Let x be d(-7). Suppose -3*u + 0*u = -a - 6, -x = -a - 5*u. Let t(p) = p**2 - 3*p - 1. What is t(a)?
17
Let w(h) = h**3 + 87 + 7*h - 40 - 9*h**2 - 38. Let b(c) = c**2 + c - 39. Let x be b(0). Let g be (x + 3)/(-4) + -1. Determine w(g).
1
Let b(h) = h**2 + 36*h + 108. Let d be b(-33). Let r(u) = -24*u + 20*u**2 + d*u + 16*u**2 - 16 - 37*u**2. Give r(-14).
-2
Suppose -4*j + 75 = 137*j - 207. Let l(k) = -7*k**2 + 13*k - 1. Determine l(j).
-3
Suppose -3 = -2*g + 1. Let y(f) = -7*f - 1 + 2*f + 3 + 0*f. Let c(b) = 20*b - 7. Let x(v) = g*c(v) + 9*y(v). Give x(3).
-11
Let q(l) = -l**2 - 13 + 1803*l**3 - 3607*l**3 + 6*l**2 + 4*l**2 + 1803*l**3 + 25*l. Determine q(11).
20
Let m(k) be the second derivative of -3*k**3/2 - 24*k**2 + 2*k + 2659. What is m(-6)?
6
Let h be 0/(3 - (-5 - -7)). Suppose -3*u - 4*g + 3 = 0, 3*g = 5*u - h*g - 5. Let k(r) = r - 1. Determine k(u).
0
Suppose -2*d + 5 = 3. Let m(n) = -n + 24 - 6*n**2 + 27 + 27 - 77. What is m(d)?
-6
Let y(q) be the first derivative of -q**4/4 + 2*q**3 + 11*q**2/2 - 6*q - 1793. Give y(7).
22
Suppose -10 = -d + 2*k, -5*k - 40 = 209*d - 204*d. Let a(p) be the second derivative of p**3/3 - p**2 - 3*p. Give a(d).
-6
Let y = 29439 - 29439. Let d(c) = c**2 - 2*c + 35. What is d(y)?
35
Suppose d - 21 = 22*q - 25*q, 5*d - 41 = q. Let b(k) = -k**3 + 10*k**2 - 8*k - 19. Calculate b(d).
-10
Let h(y) = -y**2 - 6*y + 10. Let b = 293 + -273. Let k be (b + -24)*(-1 + (-11)/(-4)). Determine h(k).
3
Suppose 5*y + 7 = 2*v - 4*v, -2*v = 4*y + 4. Let s(p) = 1475*p**3 - 485*p**3 - 491*p**3 + 3 - 497*p**3 + 5*p**2 + 5*p. Determine s(y).
-21
Let j(w) = w - 34. Let y be 4/(-6)*(-120)/2. Suppose 0 = -50*a + y*a. Give j(a).
-34
Suppose -2*i = -i. Let d(b) be the first derivative of b**4/4 + 4*b - 41423. Give d(i).
4
Let d = -9 + 9. Suppose d = -2*x - v, 4*v + 13 = 3*x - v. Let q(j) = -2*j - x + 0*j + j. Calculate q(-3).
2
Let a(t) be the first derivative of 9*t**2/2 + 3*t + 3. Let s = 1402 + -1404. Determine a(s).
-15
Let r(c) = -32*c**2 - 96*c + 1. Let y(a) = -123*a**2 - 370*a + 4. Let w(u) = -23*r(u) + 6*y(u). Determine w(-6).
1
Let b(m) = m - 14. Let w(z) = -7*z + 108. Let f(u) = -6*b(u) - w(u). Calculate f(24).
0
Let o be (-9 + 3)/6*7. Let m(y) be the third derivative of y**6/120 + 7*y**5/60 + 5*y**4/24 - y**3/6 - 11*y**2. Determine m(o).
-36
Let w be (-7)/(-28) - 19/(-4). Let h = 24 - 0. Let b(m) = -m**2 + w + 1 + h*m - 29*m. Determine b(-6).
0
Let y(a) = a**2 - 25*a - 47. Let z = 11044 + -11025. Calculate y(z).
-161
Let t be ((-45)/(-18))/(5/10). Let y(h) = 3*h**2 - 38195*h - 9 - t*h**2 + 38168*h. What is y(-13)?
4
Let h(p) = -3*p - 36 - 41 + 143 - 53. Calculate h(3).
4
Let g(c) be the first derivative of 3/2*c**2 - 1/4*c**4 - 36 - 7*c + 3*c**3. Calculate g(9).
20
Let p(z) = -9*z**2 + 23*z - 8. Let q(a) = -4*a**2 + 11*a - 4. Let o(t) = -6*p(t) + 13*q(t). Let r(x) = -97*x - 781. Let h be r(-8). Give o(h).
21
Suppose -70 = 817*i - 827*i. Let b(w) = -15*w + 18. What is b(i)?
-87
Let o = 470 + -475. Let m be (o/2 - -2)/(4/(-16)). Let p(z) be the second derivative of -5*z**3/6 + z**2 - 2*z. Calculate p(m).
-8
Let k be 243/12 + 2*3/(-24). Suppose 19*m - 9*m = k. Let h(b) = 2*b**2 - 3*b + 1. Give h(m).
3
Let p(v) = -13*v**3 - 5*v**2 + 6*v - 2. Suppose -3*q + 2 = -x, -11*x + 7*x = -5*q - 6. What is p(q)?
-114
Let f = 2605 - 2622. Let q(k) = k**2 + 3*k - 233. Calculate q(f).
5
Let a(b) = b**3 + 12*b**2 - 4*b - 5. Let v = 299 - -98. Let z = v + -409. What is a(z)?
43
Let r = 2624 - 2622. Let l(q) = -q**2 - 4*q + 12. What is l(r)?
0
Let x(s) be the first derivative of -s**3 + 3*s**2/2 + 43*s + 903. What is x(5)?
-17
Let s(p) = -4*p**3 + 7*p**2 - 10*p - 19. Let r(l) = -7*l**3 + 14*l**2 - 18*l - 35. Let o(b) = -3*r(b) + 5*s(b). Give o(6).
-2
Let y(i) = -i**3 + 17*i**2 - 32*i - 7. Suppose 161*s - 157*s + 16 = 0, -2*s + 67 = 5*q. Determine y(q).
-37
Let s(c) = -30*c + 3. Let z(j) = 127*j - 451. Let f(h) = 3*s(h) + z(h). Give f(12).
2
Let c(k) be the first derivative of -k**4/4 + 4*k**3 - 11*k**2/2 + 18*k + 674. Calculate c(11).
18
Let s(l) = -78*l**2 + l + 2. Let f = -1774 - -1773. Give s(f).
-77
Let b(f) = f**2 - 10*f - 1. Suppose -8 = -32*g + 31*g - 0. What is b(g)?
-17
Let k(l) = 5299*l - 42. Let t(s) = 1388*s - 11. Let g(p) = -11*k(p) + 42*t(p). Determine g(-8).
-56
Let q(a) = -a - 8. Let m be (-1)/((-7)/1575*3). Let c be -7 + m/(-65) + 4/26. Give q(c).
0
Let a(f) = -f - 126*f**3 - 120*f**3 + 4 + 247*f**3. Let c(i) = i - 8. Let v be c(8). Suppose 4*r - y = -4, -y + 4 = -r - v*r. Calculate a(r).
4
Let j(o) = -2*o**2 + 5*o - 8. Let r be 429/4 + 1 + (-4)/16. Suppose 23*b + 16 - r = 0. Give j(b).
-20
Let y(m) = -15 + m**3 + 924*m + 948*m - 13 - 1853*m + 22*m**2. Determine y(-21).
14
Let z(t) = -4*t**3 - 63*t**2 - 5*t - 7. Let r(o) = -3*o**3 - 51*o**2 - 5*o - 7. Let h(d) = 6*r(d) - 5*z(d). Calculate h(-5).
-7
Let x(r) be the second derivative of 1/3*r**4 - 1/2*r**2 + 1/6*r**3 - 100*r + 0. Calculate x(1).
4
Let k = -2931 + 2916. Let s(c) = c + 32. Determine s(k).
17
Suppose 6 + 12 = 3*u. Let v(n) be the second derivative of -n**3/3 + n**2 + 2889*n - 2. Give v(u).
-10
Let y(u) be the first derivative of -u**2/2 - 5*u - 1. Suppose 0 = -3*k + 3*h - 12, 2*h - 4*h = 2*k + 20. Determine y(k).
2
Let d(l) = -2*l**2 - 24*l + 4. Let h(n) = n**3 - 55*n**2 + 665*n + 6. Let b be h(18). What is d(b)?
4
Let z(n) = -n**2 + 